common divisor of 156 and 1326?
78
Calculate the greatest common divisor of 5781 and 246.
123
Calculate the greatest common divisor of 104 and 17992.
104
Calculate the highest common divisor of 92 and 23.
23
What is the greatest common divisor of 6265 and 5?
5
What is the highest common factor of 756 and 1296?
108
Calculate the highest common factor of 100 and 325.
25
What is the greatest common divisor of 23 and 2438?
23
Calculate the greatest common factor of 650 and 26.
26
What is the greatest common factor of 23736 and 552?
552
Calculate the greatest common factor of 352 and 11792.
176
What is the highest common factor of 2920 and 40?
40
Calculate the highest common divisor of 62 and 992.
62
What is the highest common factor of 455 and 175?
35
What is the greatest common factor of 3328 and 52?
52
Calculate the greatest common factor of 2100 and 28.
28
What is the greatest common factor of 80 and 3320?
40
What is the highest common factor of 4980 and 40?
20
Calculate the greatest common factor of 828 and 9.
9
Calculate the greatest common divisor of 150 and 270.
30
What is the greatest common factor of 1288 and 483?
161
What is the greatest common divisor of 5775 and 154?
77
Calculate the highest common factor of 183 and 33.
3
Calculate the highest common factor of 61 and 5307.
61
Calculate the highest common divisor of 13 and 91.
13
What is the greatest common factor of 416 and 78?
26
Calculate the highest common divisor of 59 and 107.
1
What is the greatest common factor of 756 and 24?
12
Calculate the greatest common divisor of 131 and 1.
1
Calculate the highest common factor of 20 and 1090.
10
What is the highest common divisor of 618 and 78?
6
Calculate the highest common factor of 377 and 87.
29
What is the highest common divisor of 450 and 180?
90
What is the greatest common divisor of 65 and 1313?
13
What is the greatest common factor of 4380 and 140?
20
Calculate the highest common factor of 385 and 220.
55
Calculate the greatest common divisor of 107 and 1712.
107
What is the highest common divisor of 37 and 925?
37
What is the highest common divisor of 1225 and 25?
25
Calculate the greatest common factor of 252 and 196.
28
Calculate the greatest common divisor of 33 and 1857.
3
Calculate the greatest common factor of 713 and 31.
31
Calculate the highest common factor of 7 and 1260.
7
Calculate the greatest common divisor of 175 and 616.
7
Calculate the highest common factor of 84 and 49.
7
What is the greatest common factor of 451 and 943?
41
Calculate the greatest common factor of 848 and 477.
53
What is the greatest common divisor of 107 and 1?
1
What is the highest common factor of 16 and 2608?
16
What is the greatest common factor of 45 and 90?
45
What is the highest common divisor of 17296 and 23?
23
What is the highest common divisor of 46 and 25898?
46
What is the highest common factor of 4305 and 105?
105
What is the highest common divisor of 1587 and 69?
69
What is the greatest common factor of 8806 and 119?
119
Calculate the greatest common factor of 135 and 15.
15
Calculate the highest common factor of 45 and 15.
15
Calculate the highest common divisor of 5 and 5435.
5
What is the highest common factor of 10 and 115?
5
Calculate the greatest common divisor of 90 and 4070.
10
Calculate the greatest common divisor of 62 and 26.
2
Calculate the greatest common divisor of 2173 and 106.
53
What is the highest common divisor of 11466 and 234?
234
What is the highest common divisor of 2124 and 108?
36
Calculate the highest common divisor of 12045 and 45.
15
What is the highest common factor of 184 and 17848?
184
What is the greatest common factor of 6437 and 157?
157
What is the greatest common divisor of 540 and 240?
60
Calculate the greatest common factor of 2108 and 68.
68
Calculate the highest common divisor of 589 and 361.
19
What is the greatest common divisor of 5 and 1181?
1
What is the greatest common factor of 16 and 1264?
16
Calculate the highest common factor of 1352 and 52.
52
Calculate the highest common factor of 22 and 858.
22
Calculate the greatest common factor of 180 and 2460.
60
What is the greatest common divisor of 324 and 84?
12
Calculate the greatest common divisor of 3080 and 56.
56
What is the greatest common factor of 408 and 1088?
136
Calculate the greatest common factor of 2652 and 117.
39
What is the highest common divisor of 473 and 11?
11
Calculate the greatest common divisor of 848 and 6254.
106
What is the greatest common factor of 4 and 73?
1
Calculate the greatest common factor of 1207 and 272.
17
What is the highest common divisor of 1841 and 6049?
263
Calculate the highest common factor of 490 and 13370.
70
What is the highest common divisor of 748 and 119?
17
What is the greatest common divisor of 13 and 38987?
13
What is the highest common divisor of 9444 and 12?
12
Calculate the greatest common divisor of 161 and 253.
23
What is the greatest common divisor of 5877 and 27?
9
What is the greatest common factor of 118 and 590?
118
What is the highest common divisor of 462 and 2046?
66
What is the highest common divisor of 3750 and 150?
150
Calculate the greatest common factor of 105 and 1995.
105
What is the highest common factor of 345 and 351?
3
What is the greatest common divisor of 1970 and 10?
10
Calculate the highest common divisor of 2330 and 155.
5
Calculate the greatest common divisor of 20 and 1750.
10
Calculate the greatest common divisor of 175 and 100.
25
Calculate the greatest common divisor of 66 and 78.
6
Calculate the highest common factor of 21 and 96.
3
Calculate the greatest common divisor of 1222 and 4042.
94
Calculate the highest common divisor of 57 and 304.
19
Calculate the highest common factor of 304 and 22.
2
Calculate the highest common divisor of 238 and 2074.
34
What is the highest common factor of 578 and 51?
17
Calculate the highest common factor of 575 and 460.
115
Calculate the highest common divisor of 17 and 1122.
17
Calculate the greatest common divisor of 1164 and 60.
12
What is the highest common factor of 8 and 428?
4
Calculate the greatest common divisor of 871 and 134.
67
What is the highest common factor of 39990 and 620?
310
Calculate the highest common divisor of 38 and 4294.
38
Calculate the greatest common divisor of 2204 and 812.
116
What is the greatest common divisor of 27 and 2241?
27
Calculate the highest common factor of 5771 and 29.
29
Calculate the highest common factor of 303 and 505.
101
What is the greatest common factor of 134 and 737?
67
What is the greatest common factor of 9 and 594?
9
What is the highest common factor of 294 and 42?
42
What is the greatest common factor of 350 and 250?
50
Calculate the highest common divisor of 25 and 125.
25
What is the highest common factor of 10956 and 264?
132
Calculate the greatest common divisor of 63 and 707.
7
Calculate the greatest common divisor of 228 and 132.
12
Calculate the highest common divisor of 3938 and 22.
22
What is the highest common factor of 1210 and 550?
110
Calculate the highest common factor of 44 and 91476.
44
Calculate the highest common factor of 39 and 78.
39
Calculate the greatest common factor of 28 and 12.
4
Calculate the greatest common factor of 402 and 12.
6
Calculate the highest common factor of 6727 and 21.
7
Calculate the greatest common divisor of 551 and 1189.
29
Calculate the greatest common divisor of 9 and 2259.
9
Calculate the highest common factor of 210 and 60.
30
Calculate the highest common divisor of 754 and 2088.
58
Calculate the greatest common divisor of 24 and 200.
8
What is the highest common factor of 9152 and 132?
44
Calculate the greatest common factor of 90 and 1665.
45
What is the greatest common divisor of 1197 and 1881?
171
Calculate the greatest common divisor of 160 and 304.
16
Calculate the highest common factor of 90 and 150.
30
What is the highest common factor of 864 and 24?
24
What is the highest common divisor of 199 and 32437?
199
Calculate the greatest common divisor of 27 and 3.
3
Calculate the greatest common factor of 12833 and 164.
41
What is the highest common divisor of 75 and 30?
15
What is the highest common factor of 99 and 297?
99
Calculate the highest common factor of 2414 and 142.
142
Calculate the greate